{"id":33928,"date":"2020-11-11T16:31:51","date_gmt":"2020-11-11T15:31:51","guid":{"rendered":"https:\/\/slovensky-kopov.sk\/?page_id=33928"},"modified":"2020-12-19T18:11:30","modified_gmt":"2020-12-19T17:11:30","slug":"dna-test","status":"publish","type":"page","link":"https:\/\/slovensky-kopov.sk\/?page_id=33928","title":{"rendered":"DNA test"},"content":{"rendered":"<p>Testy DNA za \u00fa\u010delom overenia p\u00f4vodu (rodi\u010dovstva) vykon\u00e1va KCHSK od roku 2014, kedy boli odobrat\u00e9 vzorky v\u0161etk\u00fdm chovn\u00fdm jedincom. Overenie p\u00f4vodu psov sa uskuto\u010d\u0148uje vy\u0161etren\u00edm variability v 19 markeroch, ktor\u00fd sa n\u00e1sledne porovn\u00e1 s genetick\u00fdm profilom otca a matky, pri\u010dom mus\u00ed by\u0165 dodr\u017ean\u00e1 podmienka z\u00edskania jednej vlohy od otca a druhej od matky. Ak potomok m\u00e1 tak\u00fato kombin\u00e1ciu vl\u00f4h v poriadku, p\u00f4vod sa ur\u010duje ako s\u00fahlasn\u00fd, ak nie, tak ako nes\u00fahlasn\u00fd. Na z\u00e1klade v\u00fdsledkov je potom vypracovan\u00fd DNA certifik\u00e1t o p\u00f4vode, ktor\u00fd je zasielan\u00fd poradcovi chovu, ktor\u00fd ho archivuje.<\/p>\n<p>Vzorka na vy\u0161etrenie DNA sa odober\u00e1 jedincovi ihne\u010f po \u00faspe\u0161nom absolvovan\u00ed bonit\u00e1cie z v\u00fdkonu. Po splnen\u00ed v\u0161etk\u00fdch podmienok chovnosti odo\u0161le poradca chovu rodokme\u0148 spolu s posudkov\u00fdm listom DBK na SPZ, kde mu bude potvrden\u00e1 chovnos\u0165. SPZ n\u00e1sledne posiela priamo majite\u013eovi jedinca nasp\u00e4\u0165 rodokme\u0148 s potvrden\u00edm chovnosti a posudkov\u00fd list DBK.&nbsp;<strong>Preto je d\u00f4le\u017eit\u00e9, aby mal majite\u013e psa spr\u00e1vne vyplnen\u00fa v rodokmeni adresu, aj PS\u010c!&nbsp;<\/strong><\/p>\n","protected":false},"excerpt":{"rendered":"<p>Testy DNA za \u00fa\u010delom overenia p\u00f4vodu (rodi\u010dovstva) vykon\u00e1va KCHSK od roku 2014, kedy boli odobrat\u00e9 vzorky v\u0161etk\u00fdm chovn\u00fdm jedincom. Overenie p\u00f4vodu psov sa uskuto\u010d\u0148uje vy\u0161etren\u00edm variability v 19 markeroch, ktor\u00fd [&hellip;]<\/p>\n","protected":false},"author":1,"featured_media":0,"parent":33445,"menu_order":0,"comment_status":"closed","ping_status":"closed","template":"","meta":{"ngg_post_thumbnail":0,"ocean_post_layout":"","ocean_both_sidebars_style":"","ocean_both_sidebars_content_width":0,"ocean_both_sidebars_sidebars_width":0,"ocean_sidebar":"0","ocean_second_sidebar":"0","ocean_disable_margins":"enable","ocean_add_body_class":"","ocean_shortcode_before_top_bar":"","ocean_shortcode_after_top_bar":"","ocean_shortcode_before_header":"","ocean_shortcode_after_header":"","ocean_has_shortcode":"","ocean_shortcode_after_title":"","ocean_shortcode_before_footer_widgets":"","ocean_shortcode_after_footer_widgets":"","ocean_shortcode_before_footer_bottom":"","ocean_shortcode_after_footer_bottom":"","ocean_display_top_bar":"default","ocean_display_header":"default","ocean_header_style":"","ocean_center_header_left_menu":"0","ocean_custom_header_template":"0","ocean_custom_logo":0,"ocean_custom_retina_logo":0,"ocean_custom_logo_max_width":0,"ocean_custom_logo_tablet_max_width":0,"ocean_custom_logo_mobile_max_width":0,"ocean_custom_logo_max_height":0,"ocean_custom_logo_tablet_max_height":0,"ocean_custom_logo_mobile_max_height":0,"ocean_header_custom_menu":"0","ocean_menu_typo_font_family":"0","ocean_menu_typo_font_subset":"","ocean_menu_typo_font_size":0,"ocean_menu_typo_font_size_tablet":0,"ocean_menu_typo_font_size_mobile":0,"ocean_menu_typo_font_size_unit":"px","ocean_menu_typo_font_weight":"","ocean_menu_typo_font_weight_tablet":"","ocean_menu_typo_font_weight_mobile":"","ocean_menu_typo_transform":"","ocean_menu_typo_transform_tablet":"","ocean_menu_typo_transform_mobile":"","ocean_menu_typo_line_height":0,"ocean_menu_typo_line_height_tablet":0,"ocean_menu_typo_line_height_mobile":0,"ocean_menu_typo_line_height_unit":"","ocean_menu_typo_spacing":0,"ocean_menu_typo_spacing_tablet":0,"ocean_menu_typo_spacing_mobile":0,"ocean_menu_typo_spacing_unit":"","ocean_menu_link_color":"","ocean_menu_link_color_hover":"","ocean_menu_link_color_active":"","ocean_menu_link_background":"","ocean_menu_link_hover_background":"","ocean_menu_link_active_background":"","ocean_menu_social_links_bg":"","ocean_menu_social_hover_links_bg":"","ocean_menu_social_links_color":"","ocean_menu_social_hover_links_color":"","ocean_disable_title":"default","ocean_disable_heading":"default","ocean_post_title":"","ocean_post_subheading":"","ocean_post_title_style":"","ocean_post_title_background_color":"","ocean_post_title_background":0,"ocean_post_title_bg_image_position":"","ocean_post_title_bg_image_attachment":"","ocean_post_title_bg_image_repeat":"","ocean_post_title_bg_image_size":"","ocean_post_title_height":0,"ocean_post_title_bg_overlay":0.5,"ocean_post_title_bg_overlay_color":"","ocean_disable_breadcrumbs":"default","ocean_breadcrumbs_color":"","ocean_breadcrumbs_separator_color":"","ocean_breadcrumbs_links_color":"","ocean_breadcrumbs_links_hover_color":"","ocean_display_footer_widgets":"default","ocean_display_footer_bottom":"default","ocean_custom_footer_template":"0","footnotes":""},"class_list":["post-33928","page","type-page","status-publish","hentry","entry"],"_links":{"self":[{"href":"https:\/\/slovensky-kopov.sk\/index.php?rest_route=\/wp\/v2\/pages\/33928","targetHints":{"allow":["GET"]}}],"collection":[{"href":"https:\/\/slovensky-kopov.sk\/index.php?rest_route=\/wp\/v2\/pages"}],"about":[{"href":"https:\/\/slovensky-kopov.sk\/index.php?rest_route=\/wp\/v2\/types\/page"}],"author":[{"embeddable":true,"href":"https:\/\/slovensky-kopov.sk\/index.php?rest_route=\/wp\/v2\/users\/1"}],"replies":[{"embeddable":true,"href":"https:\/\/slovensky-kopov.sk\/index.php?rest_route=%2Fwp%2Fv2%2Fcomments&post=33928"}],"version-history":[{"count":2,"href":"https:\/\/slovensky-kopov.sk\/index.php?rest_route=\/wp\/v2\/pages\/33928\/revisions"}],"predecessor-version":[{"id":35198,"href":"https:\/\/slovensky-kopov.sk\/index.php?rest_route=\/wp\/v2\/pages\/33928\/revisions\/35198"}],"up":[{"embeddable":true,"href":"https:\/\/slovensky-kopov.sk\/index.php?rest_route=\/wp\/v2\/pages\/33445"}],"wp:attachment":[{"href":"https:\/\/slovensky-kopov.sk\/index.php?rest_route=%2Fwp%2Fv2%2Fmedia&parent=33928"}],"curies":[{"name":"wp","href":"https:\/\/api.w.org\/{rel}","templated":true}]}}